3838 + 38612. List the prime factors of t.
2, 83, 89
Let b = 440 + -148. Let n = 656 - b. List the prime factors of n.
2, 7, 13
Suppose 0 = 49*i - 129125 - 386747. List the prime factors of i.
2, 7, 47
Let w(p) = p**3 - 22*p**2 + 11*p + 21. Let z(k) = 2*k**3 - 44*k**2 + 24*k + 43. Let o(r) = 7*w(r) - 4*z(r). What are the prime factors of o(21)?
17
Let b = -27 - -29. Let z(n) = 4*n - 3. Let q be z(b). Suppose -3*x - 86 = -q*t, 4*t = -4*x + 70 + 18. What are the prime factors of t?
19
Let m be -5 + (-2)/2*-82. Suppose -70*c = -m*c + 441. What are the prime factors of c?
3, 7
Suppose 0 = 4*h + 4, 3*j - 4*h + 2*h = 2357. Suppose -2*n - 3*n + 779 = 3*d, 3*d + 2*n = j. List the prime factors of d + (0 - (1 - (4 - 7))).
7, 37
Suppose 0 = -o + 6*o - o. Suppose 2*y + o + 0 = 0. Suppose y*h = h - x - 16, 3*h + 2*x = 33. List the prime factors of h.
13
Let r = 17783 - 15021. List the prime factors of r.
2, 1381
Let z be (-2)/12 - (-52)/24. Let r be (-1 + 5 - (-18)/(-4))*z. Let u(b) = -301*b**3 - 3*b**2 - b + 1. List the prime factors of u(r).
2, 3, 5
Let o(d) = -3*d**3 + 4*d**2 + d - 3. Suppose 4 = 3*h + 2*x, 3*x = -5*h + 4 + 1. Let r be o(h). Suppose -t - 15 = -r. List the prime factors of t.
2, 5
Suppose 2*c - 20 = f + 17, 2*f - 2*c + 70 = 0. Let r = 43 + f. List the prime factors of 24/r*220/33.
2
Let p be (14/(-35))/((-2)/20). Suppose -i + 5*y + 139 = 0, -5*y = p*i - 6*y - 613. What are the prime factors of 10/2 + -3 + i?
2, 3, 13
Let p(v) = 6*v**2 - 22*v - 118. Let t be p(-26). List the prime factors of t/4 - (-6)/12.
2, 3, 47
Suppose r - 16890 = -5*n, 14237 = 5*n - 4*r - 2653. List the prime factors of n.
2, 3, 563
Suppose 2*g - 9320 - 48804 = -2*x, x = g - 29080. What are the prime factors of g?
7, 4153
Let w(j) = -35*j**3 + j**2 + 2*j - 4. Let q be w(-2). Suppose 4*h - 6*h + q = 4*d, -3*d + 207 = -3*h. List the prime factors of d.
3, 23
Suppose y = -2, -4*p + 56 = -5*y - 18. Let k = p + 11. Suppose -g + 25 = -k. List the prime factors of g.
2, 13
Let m(k) be the first derivative of k**4/4 + 4*k**3 + 7*k**2/2 - 8*k - 41. Let v be m(-5). Suppose z - v = 109. List the prime factors of z.
241
What are the prime factors of -6 - ((-243)/162 - 15305/2)?
2, 239
Suppose -a - 1944260 - 392115 = -26*a. List the prime factors of a.
5, 18691
Suppose -5*m - 5*s = -38695, -4*m - 3*s = -11305 - 19656. What are the prime factors of m?
2, 11
Suppose 3*i - 868 = -2*d, 3*d + 2094 = 5*i + 622. List the prime factors of i.
2, 73
Let d(z) = 16*z + 4. Let j be d(1). What are the prime factors of (-43)/(-430) - (-10238)/j?
2
Suppose 258 = -2*z - 308. Let g = 558 + z. What are the prime factors of g?
5, 11
Let o(b) = 22*b**2 - 23*b - 301. List the prime factors of o(-37).
2, 11, 17, 41
What are the prime factors of 54/(-729) - (-80)/(-162)*-58389?
2, 13, 1109
Suppose 4*k = -o + 299102, 5*k + 4*o + 11335 - 385229 = 0. List the prime factors of k.
2, 7, 109
Suppose 2*g + 3*t = 10 + 5, 20 = 3*g + 4*t. Let x(a) = 4*a - 3. Let h be x(2). Suppose -319 = -4*q + k, -h*k = -g*q - 3*q + 252. List the prime factors of q.
79
What are the prime factors of ((82464/20)/(-4))/(16/(-280))?
3, 7, 859
Let v = -6052 - -9865. What are the prime factors of v?
3, 31, 41
Suppose 3*f + 223 = 235. Suppose 3*j + 3*s = 903, -5*j + f*j - 5*s + 297 = 0. List the prime factors of j.
2, 151
Suppose 89*c = -46*c + 3*c + 3861264. List the prime factors of c.
2, 71, 103
Let g(x) = 222*x - 107. Let o be g(8). Let m = o - 912. List the prime factors of m.
757
Suppose -3*a - 19 = -28. Suppose -a*n = -13*n - 140. List the prime factors of 742/4 - (n/4 + 3).
2, 3, 31
Suppose 0 = 45*y - 50*y - 11*c + 46632, 0 = 5*c + 15. What are the prime factors of y?
3, 17, 61
Let k be 30/(-15) + 43 + -1. Suppose -k*c + 592 = -32*c. List the prime factors of c.
2, 37
Let k(y) = -21*y + 17. Let g = -152 + 148. List the prime factors of k(g).
101
Suppose 11*n = 13*n - 10. Let s = n - 19. List the prime factors of (-1)/(6/(-21))*(-8)/s.
2
Suppose u + 3*z + 2367 = 0, -u + 251 = 5*z + 2628. What are the prime factors of (u/(-10))/1 + (-39)/195?
5, 47
Suppose f - 4*j + 1 = 0, j + 16 = 4*f + 5*j. List the prime factors of 4*f/(-18)*-627.
2, 11, 19
Suppose 8*l + 6 = 11*l. Suppose l*s - 146 = 330. What are the prime factors of s?
2, 7, 17
Let k(x) = x**2 + 32*x - 186. Let b be k(8). Suppose 127*l = b*l - 12880. List the prime factors of l.
2, 5, 23
Suppose -3*u + 5*i + 47 = 0, 3*u + 10*i - 8*i = 82. List the prime factors of (78759/u)/9 + (-21)/(-56).
5, 73
Let n be 5 + (-15 + 16)/((-1)/2). Suppose 5*w + 4*f - 1660 - 2538 = 0, -2*w = -n*f - 1670. What are the prime factors of w?
2, 419
Suppose 3*p = -4*v - 0*p + 18, -22 = -2*v + 5*p. Suppose 3201 + 7449 = v*d. What are the prime factors of d?
5, 71
Let o be (-416)/(-64)*(2 - -2). Suppose o*k - 2*k = 15312. What are the prime factors of k?
2, 11, 29
Let i(g) = -g**3 + 25*g**2 + 2*g - 4. Suppose -3*d - 744 = -34*d. What are the prime factors of i(d)?
2, 5, 31
Suppose -15304 = 7*q - 76596. List the prime factors of q.
2, 11, 199
Suppose 50*d = 28849 - 9749. Let f = d + 1711. List the prime factors of f.
7, 13, 23
Let d = 1240 + -875. Suppose -951 = -3*h - 2*n + 209, -5*n + d = h. List the prime factors of h.
2, 3, 5, 13
Suppose -3*m + 5*r = -79, -62 = -9*m + 5*m - 2*r. Let n(l) = -l**3 - 9*l**2 + 7*l + 13. Let k be n(-10). Let w = k + m. List the prime factors of w.
61
Let y(i) = 16*i**2 + 3. Let d be (492/(-24))/((-2)/4). Let w = d + -43. What are the prime factors of y(w)?
67
Suppose 5*r - 5*s - 169 - 246 = 0, -r - 2*s + 92 = 0. Suppose 3*n = -v + r + 11, 2*n + 4 = 0. Let h = v - -6. List the prime factors of h.
109
Let d(u) = u**3 + 26*u**2 - 20*u - 54. What are the prime factors of d(-20)?
2, 1373
Let d(c) = c**3 + 3*c**2 - 7*c - 3. Let g be d(-5). Let w(h) = 756*h - 4. Let q be w(-1). What are the prime factors of q/g + 8/(-36) + 0?
2, 3, 7
Let m(c) = 3*c - 278. Let d(p) = 2*p - 186. Let s(h) = -8*d(h) + 5*m(h). List the prime factors of s(-29).
127
Let g(n) be the first derivative of n**3/3 + 4*n**2 + 11*n + 10. Let q be g(-9). What are the prime factors of q/150 - (-596)/30?
2, 5
Let f(b) = b**3 - 2*b**2 - 5*b + 6. Let n be f(5). Let w = 48 - n. Let c(q) = -6*q + 17. List the prime factors of c(w).
5, 13
Let o = 26 - 7. Let s = o - 12. Suppose 0 = s*d + 5*d - 96. What are the prime factors of d?
2
Let j(x) = -x**3 + 6*x**2 - 2*x + 7. Suppose -14*m + 16 = -13*m. Suppose -7*s + 3*s + m = 0. List the prime factors of j(s).
31
Let a(g) = -g**2 + 11*g - 6. Let c be a(10). Let v(i) = -26*i + 2*i**2 - 6 + c + 54*i - 3*i**2. List the prime factors of v(10).
2, 89
Suppose 39*v - 140*v - 93627 = -500556. What are the prime factors of v?
3, 17, 79
Let g = -77 - -143. Suppose -12*r + r = -g. Suppose -10*d = -r*d - 264. What are the prime factors of d?
2, 3, 11
Suppose -21254 = -14*f + 132578. What are the prime factors of f?
2, 41, 67
Suppose -2*i = 2*f - 2, 0 = f - 0*i - 2*i + 2. Let j(q) = q**3 - q - 44. Let h be j(f). Let u = h - -126. What are the prime factors of u?
2, 41
Let s be -2*((-19)/(-76) - (-17)/(-4)). Suppose -3*v = -k - 26, -3*k + s = -4. Suppose -v*j = -6*j - 876. What are the prime factors of j?
3, 73
Let l = 39758 + -17533. What are the prime factors of l?
5, 7, 127
Let a(s) = 76*s**2 + 68*s + 173. List the prime factors of a(12).
11933
Suppose -4*h - 4*n = -1010 + 3822, -h - 703 = 4*n. Let j = 702 - h. What are the prime factors of j?
5, 281
Suppose 24*h = -97*h + 2328645. List the prime factors of h.
3, 5, 1283
Let u(t) = -5*t + 2*t**2 + 7 - 5 - 2*t**2 + t**2. Let j be u(0). Suppose -j*w = -3*k - k + 464, 127 = k + 5*w. What are the prime factors of k?
3, 13
Let z be 38/12 + 2/(-12). Suppose 2 + 10 = z*o. Suppose -2*p - 38 = -d + 118, -o*p = 5*d - 780. List the prime factors of d.
2, 3, 13
Let o be -1 + -1 + 63/(-14)*-60. What are the prime factors of o + (40/(-24))/(1/3)?
263
Suppose 15*n - 20*n + 280 = 0. Suppose 676 + n = 2*w - 2*v, -2*v = -4*w + 1460. What are the prime factors of w?
2, 7, 13
Suppose -3*l - 10 = -k, 3 = 3*k - 2*l - 6. List the prime factors of (-20 + 3)*k*-1*4.
2, 17
Let t be (2/3 - 2)/(96/144). What are the prime factors of 4 - 235/(1 + t)?
239
Let t be -61*12/9 + (-7)/(-21). Let o = 159 + t. Suppose -d = -o - 42. List the prime factors of d.
2,